f j(-2).
3
Let r(k) = k**3 + 5*k**2 - 8*k + 3. What are the prime factors of r(-6)?
3, 5
Let x(w) = -2*w**3 - 3*w**3 - 1 - 1 + 4*w**3 - w**2. Let i be x(-2). List the prime factors of -6*i*(-2 + 1).
2, 3
Let h(n) = n**2 - 2*n - 1. Let g be h(-8). Let l = -44 + g. What are the prime factors of (-1)/(-4) - l/(-4)?
3
Let h be 1/(-2) + (-546)/(-4). List the prime factors of (1/2)/(4/h).
17
Let n be 6/(0 + -3) - 1. Let c be 3 + (1*-2 - n). Suppose -2*z - 2 = 4, c*p = 3*z + 49. List the prime factors of p.
2, 5
Let p be 1 + (2/2 - -1). Suppose p*t - 6*y + 2*y - 41 = 0, 40 = 4*t + 2*y. What are the prime factors of t?
11
Let c = -2 - -2. Suppose -3*b = -c*b - 15. Let x(n) = -n**3 + 5*n**2 + 2*n - 4. What are the prime factors of x(b)?
2, 3
Suppose 742 = 8*k - k. What are the prime factors of k?
2, 53
Suppose -2*m + 1 = -7. Suppose 13 = d + m. List the prime factors of d.
3
What are the prime factors of 21752/104 + -7 + (-2)/13?
2, 101
Let z(w) = -2*w + 10. Let y(u) = -14*u**2 + u. Let g be y(1). Let x be z(g). Let c = x + -17. List the prime factors of c.
19
Suppose 4*x + 4 = -0, -2*x - 687 = -5*h. What are the prime factors of h?
137
Let l = 118 - 55. What are the prime factors of l?
3, 7
Let d = 0 + 2. Suppose -2*y = -0*y - d. List the prime factors of (y + 1)/2*3.
3
List the prime factors of 4/(40/934) + (-2)/5.
3, 31
Suppose 3*u - 2*w = u - 6, u + 13 = -4*w. Let k be (-8)/10*u/2. Suppose -5*l + 2 = -2*h, k*h = -l + 4*l + 2. What are the prime factors of l?
2
Let s = -8 + 13. Suppose 0 = -s*l + 10, 6*g - 3*l = 3*g. What are the prime factors of g?
2
Suppose w - 20 = 2*w - 5*t, -5*w - 5*t + 50 = 0. Suppose -4*h + 157 - 45 = -w*d, -6 = -2*h. Let z = d + 34. List the prime factors of z.
2, 7
List the prime factors of 959/35 - (-6)/(-15).
3
Let p be -2 + 3 + -23 - 2. Let n = p + 67. List the prime factors of n.
43
Let h(p) = -p**2 - 9*p + 1. List the prime factors of h(-7).
3, 5
Let p(a) = -a**3 + 7*a**2 + 12*a - 3. List the prime factors of p(8).
29
Suppose -2*a - 3 = -3*o, 2*o + a + a - 12 = 0. Suppose -7*y + o*y = -24. Suppose -3*i + y = -i. What are the prime factors of i?
3
Suppose -4*y + 5*y = 0. Suppose -6 = -l + r + 4, r + 3 = y. List the prime factors of l.
7
Suppose 22 = 3*s - 68. What are the prime factors of s?
2, 3, 5
Let w = -17 - -13. List the prime factors of ((-24)/(-14))/(w/(-14)).
2, 3
Suppose -5*j + 107 = -4*j - 5*g, 3*g = 3*j - 345. What are the prime factors of j?
3, 13
Suppose -n = -0 - 2. Let v be 4/2 + 12/4. Suppose 0 = -v*g + 3*g - n*r, -5*r = -3*g + 16. What are the prime factors of g?
2
Suppose 0 = 2*w - 8, 2*x + 2*x = -2*w + 216. What are the prime factors of x?
2, 13
Suppose 5*y = -4*p - 4, 5*y + p = -0*y - 1. Suppose 4 = n - y*n. What are the prime factors of n?
2
Let j(y) = -2*y**3 + 2*y + 1. List the prime factors of j(-2).
13
Let j(h) = -h**3 + 12*h**2 - 14*h + 2. Let l be j(11). Let k = 30 - l. List the prime factors of k.
61
Suppose 4*g = -5*a - 6, -2*a - 3 = g - 0*a. Suppose 0 = s - g - 1. What are the prime factors of s?
2
Suppose -4*p + 325 = 5*m - 235, 420 = 3*p - 3*m. List the prime factors of p.
2, 5, 7
Let b = 18 - -11. Let n = b + -16. List the prime factors of n.
13
Let o be 40/(-6)*24/20. Let x be 5/(1 - 6/9). Let g = x + o. What are the prime factors of g?
7
List the prime factors of 831/33 + (-10)/55.
5
Let c be 4/8*-2*17. What are the prime factors of (c/2)/((-5)/10)?
17
Suppose -m = 3*m - 20. Suppose 4*v - 3*v + 8 = t, -m = v. Suppose -3*z - t + 21 = 0. List the prime factors of z.
2, 3
Suppose 16 = 3*a - 47. What are the prime factors of a?
3, 7
What are the prime factors of (-2)/9 - 3339/(-81)?
41
Let y = -24 - -43. Let c = 41 - 0. Suppose -5*z - 4*f = -2*z - y, 0 = 2*z - 3*f - c. List the prime factors of z.
13
Let g(y) = 7*y**2 - 6*y + 3. What are the prime factors of g(2)?
19
List the prime factors of (6 + -8 - -2) + 0 + 85.
5, 17
Let x(v) = 4*v - 7. Let b be x(9). Suppose 0 = 3*o + a - 14, a + b = 3*o + 7. Suppose 0 = 2*w - o - 10. List the prime factors of w.
2
Let x(o) = o - 8 + 7 + 3. What are the prime factors of x(5)?
7
Suppose 277 = 2*f + 5*o - 312, -3*o = 4*f - 1143. What are the prime factors of f?
2, 3, 47
Suppose 200 = -3*p + 5*p. What are the prime factors of p?
2, 5
Let y = 62 + -37. Let c = 36 - y. List the prime factors of c.
11
Let m(b) = -11*b + 1. Let k be m(1). Let y = 2 - k. What are the prime factors of y?
2, 3
Suppose 2*w + 7 = -7. What are the prime factors of w/(-28) - (-14)/8?
2
Let o = 2 - 8. Suppose -2*l + 10 = -10. Let z = o + l. List the prime factors of z.
2
Let j be (-1 - (1 + 0)) + 8. Let n be (8/6)/(4/j). Suppose -50 = -4*k + n. List the prime factors of k.
13
Let i(o) be the third derivative of o**5/60 + o**4/6 - o**3/2 - o**2. Let k be i(-5). Let x(l) = l**2 + l + 2. What are the prime factors of x(k)?
2
Let b be (-125)/(-45) - (-2)/9. Suppose -r + l + 36 = 0, b*l = -5*r + 6*l + 176. What are the prime factors of r?
2, 17
Suppose -2*p + 36 = x, -p + 138 = 4*x + 4*p. What are the prime factors of x?
2
Let q(t) = t**3 + 10*t**2 + 8*t + 6. Let n(i) = -i**3 - 10*i**2 - 7*i - 6. Let y(j) = 6*n(j) + 5*q(j). Let b = 16 - 26. What are the prime factors of y(b)?
2, 7
Let h(p) = -p + 12. Let w be h(10). Let t be 1 + (3 + -2)*-1. Let k = w + t. List the prime factors of k.
2
Let h = 12 + -8. Suppose -4*p - 1 = 4*i + 3, -h*p + i + 16 = 0. List the prime factors of p.
3
Let u = 19 - 14. Suppose u*q = -p + 223, 2*q = -3*p + 92 + 5. What are the prime factors of q?
2, 11
Let r be 1 - 0 - (-1 - 0). Suppose -b + 4*v + 22 = 0, 2*b + 18 - 7 = -3*v. Suppose -r*z = -u + 2, -6*z + 3*z = -b*u + 6. What are the prime factors of u?
2, 3
Let z = 7 + -9. Let d = 0 - z. What are the prime factors of d?
2
Let b(f) = f**3 - 8*f**2 - 9*f - 8. Let z be b(9). What are the prime factors of ((-12)/z)/(3/28)?
2, 7
Let y be 42/11 - 4/(-22). Let p(b) = b**2 - b + 3. List the prime factors of p(y).
3, 5
Let j be (9/27)/((-2)/(-18)). Suppose -2*s + 30 = j*s. Suppose 3*n - s*t - 43 = -2*t, 2*t + 28 = 2*n. What are the prime factors of n?
13
Let h = 16 - 9. Suppose -h = -2*m - 1. List the prime factors of m.
3
Suppose -4*s = c - 69, s + 3*s = -4. List the prime factors of c.
73
Let l = 4 - -1. Suppose -v - 102 = -4*v - 4*z, 5*v - l*z = 135. What are the prime factors of v?
2, 3, 5
Let l be (-26)/(-7) - (-6)/21. Let t be 1*(l - 2) - -13. List the prime factors of (-5)/t + 28/3.
3
Let u be 4 + 2 - (-3)/(-3). Suppose -c + 41 = 4*z, -c = 3*z - u*c - 45. What are the prime factors of z?
11
Let v(x) = x**3 - 5*x**2 + 2*x - 6. Let c be v(5). Suppose c*d = 2*d + 12. List the prime factors of d.
2, 3
Let l(i) = 2*i**2 + 42*i - 7. What are the prime factors of l(-24)?
137
Let b = 0 - -35. What are the prime factors of b?
5, 7
Let s(f) = 4*f + 36*f**2 + 0*f - 3*f - 2*f. List the prime factors of s(-1).
37
Suppose 6*q = 3*q + 36. Suppose 7*n - q = 4*n. Suppose n*i - 12 = -0. What are the prime factors of i?
3
Let t(p) = 42*p**2 - 3*p + 5. List the prime factors of t(2).
167
Suppose 0 = 4*c + j - 73, -52 = 3*c - 6*c + 2*j. What are the prime factors of c?
2, 3
Let p = -176 - -246. Suppose -5*n + 3*m = -p, -n - m + 28 = n. List the prime factors of n.
2, 7
Suppose -3 - 7 = -5*r. Suppose 5*y + 4*x - 49 = 3, -r*x + 22 = 2*y. List the prime factors of y.
2
Let t be 4/16 - (-50)/(-8). List the prime factors of (4 + t)*-3*3.
2, 3
Let h(m) = -m + 3. Let l be h(0). Suppose 3*w + 96 = 5*b, -l*w - 4 = 2. List the prime factors of b.
2, 3
Let h(l) = -l**2 + 6*l. Let q be h(6). Let o = q + 7. List the prime factors of o.
7
Let z(w) = 2*w**3 - 7*w**2 - 11*w + 6. List the prime factors of z(7).
2, 17
Suppose 0 = -4*g - g. Let q be (3 - g) + (0 - -2). Suppose -3*s - 12 = -q*s. What are the prime factors of s?
2, 3
Let r be (-31)/2 - (-3)/6. Let l be 186/r - (-2)/5. Let x = -4 - l. List the prime factors of x.
2
Let x = -40 + 48. List the prime factors of x.
2
Suppose -5*y - 34 = -2*y - 2*k, y - 5*k + 33 = 0. Let l(o) = -o. List the prime factors of l(y).
2
Let n be (-1)/(2/(-6))*44. Suppose -5*u = -u - n. Suppose u = 2*y + 13. List the prime factors of y.
2, 5
Suppose r - 9 = 4*r. Let z be r - (3*-2 + 3). Suppose z = -5*s + d + 20, 4*s = -s + 3*d + 30. What are the prime factors of s?
3
Let m(g) = -3 + 5*g + 1 + 5 + g**2. What